
4
Let b be 1*4/(-6)*-6. Suppose 4*n - 15 = -b*v + 41, 2*n = 3*v + 23. Calculate the remainder when 24 is divided by n.
11
Suppose 0 = -4*p + 3*t + 200, 0 = -p - 4*t + 29 + 2. Suppose -2*f + 4*f - 32 = 0. What is the remainder when (-2 - -1)*(1 - p) is divided by f?
14
Suppose -216*g - 550 = -227*g. Calculate the remainder when 348 is divided by g.
48
Let a(t) = t**3 - 8*t**2 + 8*t - 1. Suppose -4*p + 9 = -3. Suppose -p*m - 2*m + 20 = 0. What is the remainder when a(7) is divided by m?
2
Let l(n) = -9*n**3 - 4*n**2 - 23*n - 73. What is the remainder when l(-3) is divided by 17?
16
Let r(x) = -x + 5. Let t be r(5). Let i(c) = c**3 + c**2 + c - 22. Let v be i(t). Let b = v - -39. Calculate the remainder when 32 is divided by b.
15
Suppose -1038 + 178 = -10*o. What is the remainder when o is divided by ((-47)/3 - -1)*-3?
42
Let d be (-60)/(-50)*40/(-3). Let s = d + 16. Suppose s = 4*h - 64 + 20. What is the remainder when h is divided by 3?
2
Let a = -281 + 371. Let n(c) = c**3 - 2*c**2 + 2*c - 1. Let h be n(1). What is the remainder when (-2)/5*(h - a) is divided by 19?
17
Suppose 4 + 8 = 2*y - 4*g, 90 = 7*y - 2*g. Let a = -55 - -108. What is the remainder when a is divided by y?
11
Let u(g) = 2*g**2 + 63*g + 74. Calculate the remainder when u(-39) is divided by 55.
54
Let b = 2495 + -2359. What is the remainder when 814 is divided by b?
134
Let s(m) = -5*m + 72. Let x be s(14). What is the remainder when 23 is divided by (x + -12)*(3 - (5 + 0))?
3
Let r be 0 + (-6)/(-2 + -1). Let k be 3/((-42)/(-4)) - 10/35. Suppose -30 = -k*j - r*j. Calculate the remainder when 59 is divided by j.
14
Suppose r + r - 2*m - 436 = 0, -3*m - 872 = -4*r. What is the remainder when r is divided by 35?
8
Suppose 2*a + 9 = 15. Let r be -9*a/((-45)/5). Suppose -1 = -r*o + 32. What is the remainder when 41 is divided by o?
8
Let p(x) = x**3 - 7*x**2 + x + 178. What is the remainder when p(0) is divided by 15?
13
Let y(p) = 2*p**2 + 3*p + 12. Let n(c) = 2*c**2 + 3*c + 12. Let d(l) = 5*n(l) - 4*y(l). What is the remainder when d(-7) is divided by 10?
9
Let q = -174 + 178. Calculate the remainder when 25 is divided by q.
1
Let j = -63 - -66. Suppose 0 = -7*m + j*m + 44. Calculate the remainder when 19 is divided by m.
8
Let t(p) = -p**3 - 15*p**2 + 34*p + 8. What is the remainder when 101 is divided by t(-17)?
5
Let s(f) = 3*f**2 + 3*f - 13. Calculate the remainder when 230 is divided by s(-5).
42
Calculate the remainder when 58 is divided by 33*(-4)/(-36)*6.
14
Let p(i) = -i**3 + 11*i**2 + 2*i. Calculate the remainder when p(9) is divided by 29.
6
Let w(x) = -20*x - 1. Let s = 32 - 27. Calculate the remainder when w(-1) is divided by s.
4
Suppose -302 = -12*d + 10*d + 5*q, -4*d - 3*q = -656. Calculate the remainder when d is divided by 33.
29
Let k = -2 - -15. Let d be (-20)/15*3/(-2). Suppose 0 = -d*g - 3*g + 245. Calculate the remainder when g is divided by k.
10
Let i = 28 + -26. Suppose -3*q - 2*q + 244 = 3*c, -i*c + 131 = -3*q. Calculate the remainder when c is divided by 5.
3
Suppose -5*a - 76 = 14. Let w = -17 - a. What is the remainder when w is divided by 1?
0
Let h = -1 - -35. What is the remainder when h is divided by (1 + -1 - 9)/(-12 - -11)?
7
Let m(w) = w**3 + 20*w**2 - 3*w - 53. Calculate the remainder when 62 is divided by m(-20).
6
Suppose 0*m + 5*m - 115 = 0. Let t(p) be the first derivative of p**4/4 + 2*p**3/3 - p**2 + 2*p - 42. Calculate the remainder when m is divided by t(-2).
5
Suppose 0 = -782*a + 774*a + 200. Calculate the remainder when 38 is divided by a.
13
Let h(j) = j**2 + 6*j + 14. Calculate the remainder when 63 is divided by h(-6).
7
Let z(n) = n**3 - 7*n**2 + 6*n - 5. Let w be z(6). Let a = w + 2. What is the remainder when 20 is divided by (-7 + a - 1)/(-1)?
9
Let p = 14 + -8. What is the remainder when 198 is divided by 16/(-6) - p/(-9) - -27?
23
Suppose 60 = 6*l - 2*l. Let b(c) be the third derivative of -c**6/15 + 3*c**2. What is the remainder when l is divided by b(-1)?
7
Let z be (-8)/12*-3*(22 - -6). Suppose 0 = -5*i + q + z, 4*q + 22 = 4*i - 10. Calculate the remainder when 21 is divided by i.
9
Suppose -p = -2*p + 5*m - 38, 49 = -2*p + m. Let u = -14 - p. Calculate the remainder when 11 is divided by (-560)/(-90) + (-2)/u.
5
Let w = -98 + 102. Suppose r - w*r - 59 = -2*p, 23 = p + 5*r. Calculate the remainder when 194 is divided by p.
26
Suppose 41 = 8*l - 143. What is the remainder when 156 is divided by l?
18
Let o(t) = -3*t**3 - 2*t**2 + 3*t - 4. Let z be o(2). Let f = -6 - z. Calculate the remainder when f is divided by 14.
10
Let s be (-276)/(-5) - (-3)/(-15). Suppose s = 3*g + 2*g. Suppose 30 = -568*q + 573*q. What is the remainder when g is divided by q?
5
Suppose 5 = -4*y + 25. Let d = -11 - -6. What is the remainder when 174/9 + d/15 is divided by y?
4
Let p(f) = -f**2 + f + 3. Let h be p(-3). Let q = h - -13. Calculate the remainder when 14/7 + q*3 is divided by 4.
2
Suppose 5*l + 39 = 3*y, 2 + 1 = l. Calculate the remainder when y is divided by 4.
2
Let s = -2182 + 2190. Calculate the remainder when 525 is divided by s.
5
Suppose g - 4*g + 186 = 0. Suppose -2*i = -4*q + g, 5*q - 2*i - 75 = 3*i. What is the remainder when q is divided by 6?
4
Let f(c) = c**3 - c**2 + 2*c + 43. Let k(o) = 5*o - 7. Let x(j) = 9*j - 15. Let m(s) = 11*k(s) - 6*x(s). What is the remainder when f(0) is divided by m(10)?
20
Let x = -29 - -53. Suppose 5*l + 2*k - 720 = 0, -117 = -16*l + 15*l + 5*k. What is the remainder when l is divided by x?
22
Let u = -62 - -105. Suppose -2 = n - 4. Suppose -1 = 3*t - 2*z - 34, 5*z = -n*t + 22. Calculate the remainder when u is divided by t.
10
Suppose -105 = 14*k - 4697. Calculate the remainder when k is divided by 11.
9
Let g = -19 + 23. Let f = -1 + g. Suppose -5*a = -f*w + 2*w - 149, a - 45 = 4*w. What is the remainder when 115 is divided by a?
28
Let o(w) = 2*w**3 + 2*w**2 - 2*w - 4. Suppose b + c - 4 = 0, 0*c + 4*c - 10 = -b. What is the remainder when 43 is divided by o(b)?
11
Let s(z) = z**2 - 2. Let i be 1/(-2)*2 - -3. Let w be s(i). Suppose 0 - 6 = w*g + 4*p, -5*g + 7 = -p. Calculate the remainder when g is divided by 1.
0
Suppose -2 - 630 = -2*v - 2*g, 3*v - 956 = 5*g. Calculate the remainder when v is divided by 32.
29
Suppose 4*b + 32 = 4*q + 136, 0 = 4*q + 16. Let c be (0/2)/(2 + 3 - 6). Suppose -16*j + 13*j + 123 = c. Calculate the remainder when j is divided by b.
19
Let q = -21 - -111. Let c = 126 - q. What is the remainder when 51 is divided by (26/(-6))/((-12)/c)?
12
Let d = -164 - -174. Suppose 0 = -5*s - 4 + 249. Calculate the remainder when s is divided by d.
9
Let x = 19 - 9. Let w(g) = -g**2 - 2*g + 2. Let k be w(0). Suppose -5*q = -k*q - 15, q = n - 14. What is the remainder when n is divided by x?
9
Let i(p) = p - 10. Let k be i(21). Suppose -k*g = -9*g - 6. What is the remainder when 5 is divided by g?
2
Let u = 246 + -93. Suppose 11*l - 78 = u. Calculate the remainder when 35 is divided by l.
14
Let b = 10 + -23. Let i = b + 74. Suppose -84 = -214*c + 210*c. What is the remainder when i is divided by c?
19
Suppose 0*q = -4*q - 776. Suppose -5*l + 5*a + 225 = 0, 2*l - 5*a - 37 = l. What is the remainder when l is divided by (-1)/(q/48 - -4)?
23
Suppose -q = -52*c + 47*c + 145, 3*q - 97 = -4*c. Calculate the remainder when 159 is divided by c.
19
Suppose 10 = -5*o + 5, 3*z - 83 = -4*o. Suppose 0 = 2*v + v + 4*y - 163, 0 = v + 4*y - 49. What is the remainder when v is divided by z?
28
Let s = 476 + -471. Suppose -5 = -n + 12. Calculate the remainder when n is divided by s.
2
Let u(i) = -3*i - 4. Calculate the remainder when (2 - 50/15)*-48 is divided by u(-7).
13
Let f(x) = 9*x**2 - 4*x - 6. Let a be f(-2). Let m be (116/(-10))/(1/(-5)). Let i = m - a. Calculate the remainder when i is divided by 7.
6
Suppose 3*v - 2*f = 335, 0 = -4*v + 4*f + 466 - 14. Let q = -73 + v. What is the remainder when 141 is divided by q?
33
What is the remainder when 1312 is divided by (-10465)/(-143) - (5 - 212/44)?
71
Suppose 264 + 184 = 32*j. Let g(i) = i**2 + i + 27. Calculate the remainder when g(0) is divided by j.
13
Let z(a) = 3*a**2 - 3*a + 19. Calculate the remainder when z(-5) is divided by 29.
22
Let q = -129 + 179. What is the remainder when 198 is divided by q?
48
Let a(x) = 7*x + 29. 